Let d = -14 + 29. Calculate the remainder when l(m) is divided by d.
13
Suppose x + 2 = 4. Calculate the remainder when 3 is divided by x.
1
Let s(q) = -q**3 + q + 4. Let v(m) = m**2 - 7*m - 6. What is the remainder when v(-5) is divided by s(-3)?
26
Suppose 6*z - 12 = 4*z. Suppose 0 = -j - 2*j + 33. Calculate the remainder when j is divided by z.
5
Suppose a + 1 = 2*h - 4*a, 5*h - 20 = -5*a. Let z(u) = 2*u**3 - 5*u**2 + u + 3. Let s be z(3). Let g = s + -8. Calculate the remainder when g is divided by h.
1
Let s(n) = n - 1. Let j be s(1). Suppose -3*r + j*r = -222. Suppose 12 = -4*t, 4*p - p - 2*t - 81 = 0. What is the remainder when r is divided by p?
24
Let a(k) = 2*k + 2. Let c = 0 + 2. Let s(j) = j**3 + j**2 + 17. Calculate the remainder when s(0) is divided by a(c).
5
Let m(t) = -t - 2. Let z be m(-6). Suppose -z*i + 6*i + 42 = 4*k, 54 = 5*k - i. Calculate the remainder when 2/(-8) + (-258)/(-8) is divided by k.
10
Suppose 0 = f - 7 - 32. Suppose -3*t = -s - 31, -2*t + 4*s + 7 = -17. What is the remainder when f is divided by t?
9
Let q(g) = g**2 - g + 2. Let p be q(-5). Suppose -5*h = -2*f - 26, 2*f + f = 4*h - 25. Suppose h*u - 12 = p. Calculate the remainder when u is divided by 7.
4
Let a = 60 + -40. What is the remainder when 198 is divided by a?
18
Let f = 56 - 53. What is the remainder when 12 is divided by f?
0
What is the remainder when (38 + -4)*9/2 is divided by 39?
36
Let a = 11 + -7. Let s = 16 + a. Suppose s = 3*m - 40. Calculate the remainder when m is divided by 7.
6
Let j = 90 + -43. Suppose 2*f - f = -5*k + 19, 3*f = -5*k + j. What is the remainder when 40 is divided by f?
12
Suppose 5*y + 16 = 4*m - 0*y, -5*m + 25 = -5*y. What is the remainder when 24 is divided by m?
6
Let c = 73 + -43. Let p = 19 + -8. Calculate the remainder when c is divided by p.
8
Let y(s) = -s**3 + 4*s**2 - 4*s + 2. Let d be y(2). Let h = 35 - 24. Calculate the remainder when 332/8 - 1/d is divided by h.
8
Let u(a) = 10*a**3 + 1. Let o be u(1). Let t(p) = -7*p - 7*p - p**2 + o + p. Calculate the remainder when t(-12) is divided by 13.
10
Suppose -3*g = -8*g + 20, y - 3*g + 2 = 0. Let j be 20/(2/19*1). Suppose 6*h = h + j. What is the remainder when h is divided by y?
8
Let m = -203 + 212. Calculate the remainder when 54/3 - 2 - -1 is divided by m.
8
Let k(j) = j**2 + 9*j + 1. Let y be k(-9). Let b(q) = -q**3 + 1. Let z be b(y). Suppose -2*h + 4*h - 18 = z. Calculate the remainder when h is divided by 5.
4
Let n(z) = -4*z - 4. Let r(g) = g**2 - 10*g + 28. What is the remainder when n(-6) is divided by r(7)?
6
Suppose -4*d - 3*l + 9 = -21, -2*d + 26 = -4*l. Suppose -5*w + 136 = -w. Suppose w = 2*z - 0. What is the remainder when z is divided by d?
8
Let f(n) = -2*n**2 + 14*n - 7. Let j be f(6). Suppose -s - j = -4*v, -4*s + 0*s - v = -14. Calculate the remainder when 4 is divided by s.
1
Let r = 2 + 1. Let a(w) = w**2 + w - 1. Let h be a(2). Suppose -r*b - 2*b + 215 = h*t, -5*t = -3*b + 105. What is the remainder when b is divided by 14?
12
Let n = 33 - 19. Let r(t) = t**3 - t**2 - 7*t + 6. Suppose -4*p - 2*u + 22 = 0, 5*p + 3*u - 8*u = 5. Calculate the remainder when r(p) is divided by n.
12
Calculate the remainder when ((-4)/(-18) - 49/(-63)) + 27 is divided by 6.
4
Let p(v) be the first derivative of v**3/3 + 4*v - 2. What is the remainder when p(-5) is divided by 10?
9
Suppose -3*d + 23 = 2*d - x, -17 = -2*d + 3*x. Suppose 0*y + 3*y = 30. Calculate the remainder when y is divided by d.
2
Let p = 21 + -13. Let d(t) = -2*t - 5. What is the remainder when p is divided by d(-4)?
2
Let p = -3 + 19. Let z(o) = o**3 - o**2 + 4*o - 2. Let u be 90/25 + (-2)/(-5). What is the remainder when z(u) is divided by p?
14
Suppose 18 + 18 = 3*s. Suppose 2*j = 5*z - 12 - 147, 2*z - 4*j - 54 = 0. Calculate the remainder when z is divided by s.
9
Let n(v) = v**3 - 6*v**2 - 6*v + 4. Let f be n(7). Let s = -6 + f. Suppose s*z - 2*q = 64, -3*z + q + 53 = 14. What is the remainder when 27 is divided by z?
13
Let y = 2 - -14. Suppose 5*s - 4*q + 13 = 116, 0 = s + 2*q - 15. Let p = y + s. What is the remainder when p is divided by 12?
11
What is the remainder when 93/(-2)*(-4)/3 is divided by 16?
14
Suppose 4*x + 13 = n + 2*x, 3*n - 4*x = 35. Calculate the remainder when 58 is divided by n.
4
Suppose 0 = -5*k + 3*k + 5*i + 69, 5*k - 2*i - 120 = 0. Calculate the remainder when k is divided by 7.
1
Suppose 0 = -x - 2 - 1, -2*j = 5*x - 67. Suppose -15 = q - j. Let t = 24 + -15. What is the remainder when q is divided by t?
8
Suppose 6*u - 13 = 3*u + 5*x, -4*x + 4 = 0. What is the remainder when 9 is divided by u?
3
Suppose -11 = -3*l + 13. Suppose 0 = o - 21 - l. What is the remainder when o is divided by 15?
14
Suppose 3*q + 4*u - 80 = 0, -4*u + 0*u = 4. Suppose 0*c - 10 = -5*c, 0 = -2*t + 5*c + 208. What is the remainder when t is divided by q?
25
Suppose -f + 6*f + 5*k = -790, 3*f + 5*k = -474. Let w = 21 + f. Calculate the remainder when 6/(-12) + w/(-2) is divided by 23.
22
Let z = -50 + 54. Calculate the remainder when 17 is divided by z.
1
Suppose 3*l = 6*l - 3*j + 12, 2*j = -3*l - 17. Let n = 62 + -31. What is the remainder when n is divided by (-53)/l - (-4)/10?
9
Let c(r) = 23*r**2 - 5*r + 2. Let g(o) = -15*o**2 + 3*o - 1. Let w(j) = -5*c(j) - 8*g(j). Calculate the remainder when 77 is divided by w(2).
17
Suppose 6*k - k - 5 = 0. Calculate the remainder when 3 is divided by (1/k)/(10/30).
0
Let x(g) = -2*g**2 - 3*g - 1. Let w be x(-2). Let a be ((-2)/w)/(6/153). Suppose 2*o + a = 3*o. What is the remainder when o is divided by 10?
7
Suppose -13 = -0*z - z. Suppose 0 = 2*g - 7*g + 5, -2*v - 3*g = -z. What is the remainder when 4/(-12) - 52/(-3) is divided by v?
2
Suppose -2*d - 14 = -140. What is the remainder when d is divided by 13?
11
Let k = 21 + 0. What is the remainder when 60 is divided by k?
18
Let r(c) = -2*c**3 + 2*c**2 + c + 1. Let z be r(2). Calculate the remainder when 562/10 + (-4)/z is divided by 29.
28
Suppose -2*u + 54 = u + 3*m, 99 = 4*u - 5*m. What is the remainder when 81 is divided by u?
18
Let q(u) = u**3 + 5*u**2 - u. What is the remainder when 8 is divided by q(-5)?
3
Suppose b - 5 = -r, 5*r + 3*b = 4*r + 15. Suppose r = 3*z - 0*z - 15. What is the remainder when 8 is divided by z?
3
Suppose -6*f = -0*f - 198. Calculate the remainder when f is divided by 9.
6
Let u(r) = r**3 - 9*r**2 + 12*r - 3. Let i be u(8). Let c = -21 + i. Let v(q) = q**2 - 6*q - 4. What is the remainder when 23 is divided by v(c)?
11
Let t(a) = a**3 - 25*a**2 + 25*a - 8. What is the remainder when 94 is divided by t(24)?
14
Let g be ((-16)/(-10))/((-2)/(-60)). Suppose 27 = 2*a + 5*o, -2*o - g = -3*a - 7*o. Let r = -1 - -13. Calculate the remainder when a is divided by r.
9
Let i be (-2 - -6) + (2 - 3). What is the remainder when 26 is divided by (12 - i)/(1 + 0)?
8
Suppose -21*z = -23*z + 72. Let o be (-60)/8*(-4)/6. Suppose 0 = -o*g - z + 116. Calculate the remainder when 31 is divided by g.
15
Let j be (-2)/4*(0 - -22). Let s = -9 - j. Suppose -s*m + 157 = 5*g, 5*g = 5*m + g - 442. Calculate the remainder when m is divided by 22.
20
Let u(q) = q**2 - q - 11. Let i be 5/2*(-18)/(-5). Let n be u(i). Suppose -4*c = 2*o - 44, 3*o + n = 7*o - c. Calculate the remainder when o is divided by 6.
4
Let r = -11 + 35. Suppose s = v - 1 - 3, -12 = 5*s + 3*v. Let f = r + s. Calculate the remainder when f is divided by 11.
10
Let p(w) = -20*w - 12. Calculate the remainder when p(-3) is divided by 10.
8
Let t = 18 - 4. Calculate the remainder when 40 is divided by t.
12
Suppose 0 = 5*q - 2*q + 4*m - 19, -4*q = -3*m - 17. Let u be 160/6*(-3)/(-2). Suppose y = q*y - u. Calculate the remainder when y is divided by 6.
4
What is the remainder when 117 is divided by 28 + (2 - (-1 - -1))?
27
Suppose 3*l + 0*z - 17 = -2*z, -3*z = 2*l - 18. What is the remainder when 48 is divided by l?
0
Let s = 2 - -3. Calculate the remainder when 13 is divided by s.
3
Let z(c) = -33*c + 2. Calculate the remainder when z(-2) is divided by 14.
12
Suppose -4 = 3*w + 4*p, 0*p - 5 = 5*p. Suppose o + w*o - 11 = 0. What is the remainder when 43 is divided by o?
10
Suppose g - 25 + 0 = 0. Let k = g - 14. What is the remainder when k is divided by (1 - 0)/(3/18)?
5
Suppose -51 = -4*a + a. Let m = -5 - -9. Su